{"id":537,"date":"2020-10-31T21:44:15","date_gmt":"2020-10-31T20:44:15","guid":{"rendered":"https:\/\/cubic-design.fr\/?post_type=product&#038;p=537"},"modified":"2023-11-27T18:23:57","modified_gmt":"2023-11-27T17:23:57","slug":"boucles-mini-origami-bleu-dore","status":"publish","type":"product","link":"https:\/\/cubic-design.fr\/index.php\/produit\/boucles-mini-origami-bleu-dore\/","title":{"rendered":"Boucles mini origami bleu dor\u00e9"},"content":{"rendered":"<p>Boucle origami en forme de grue r\u00e9alis\u00e9 dans du papier artisanal et mont\u00e9 sur un crochet en plaqu\u00e9 argent 925 pour \u00e9viter tout risque allergique. Hauteur : 3 cm<\/p>\n","protected":false},"excerpt":{"rendered":"<p>Boucle origami en forme de grue r\u00e9alis\u00e9 dans du papier artisanal et mont\u00e9 sur un crochet en plaqu\u00e9 argent 925 pour \u00e9viter tout risque allergique. Hauteur : 3 cm<\/p>\n","protected":false},"featured_media":538,"template":"","meta":{"jetpack_publicize_message":"","jetpack_is_tweetstorm":false,"jetpack_publicize_feature_enabled":true,"jetpack_social_post_already_shared":true,"jetpack_social_options":{"image_generator_settings":{"template":"highway","enabled":false}}},"class_list":{"0":"post-537","1":"product","2":"type-product","3":"status-publish","4":"has-post-thumbnail","6":"product_cat-boucles-doreilles-mini","7":"product_tag-bijoux","8":"product_tag-bleu","9":"product_tag-boucles","10":"product_tag-creole","11":"product_tag-grue","12":"product_tag-oreilles","13":"product_tag-origami","14":"product_tag-pompom","16":"first","17":"instock","18":"taxable","19":"shipping-taxable","20":"purchasable","21":"product-type-simple"},"jetpack_publicize_connections":[],"jetpack_sharing_enabled":true,"_links":{"self":[{"href":"https:\/\/cubic-design.fr\/index.php\/wp-json\/wp\/v2\/product\/537","targetHints":{"allow":["GET"]}}],"collection":[{"href":"https:\/\/cubic-design.fr\/index.php\/wp-json\/wp\/v2\/product"}],"about":[{"href":"https:\/\/cubic-design.fr\/index.php\/wp-json\/wp\/v2\/types\/product"}],"version-history":[{"count":2,"href":"https:\/\/cubic-design.fr\/index.php\/wp-json\/wp\/v2\/product\/537\/revisions"}],"predecessor-version":[{"id":572,"href":"https:\/\/cubic-design.fr\/index.php\/wp-json\/wp\/v2\/product\/537\/revisions\/572"}],"wp:featuredmedia":[{"embeddable":true,"href":"https:\/\/cubic-design.fr\/index.php\/wp-json\/wp\/v2\/media\/538"}],"wp:attachment":[{"href":"https:\/\/cubic-design.fr\/index.php\/wp-json\/wp\/v2\/media?parent=537"}],"curies":[{"name":"wp","href":"https:\/\/api.w.org\/{rel}","templated":true}]}}