{"id":669,"date":"2020-11-07T11:22:23","date_gmt":"2020-11-07T10:22:23","guid":{"rendered":"https:\/\/cubic-design.fr\/?post_type=product&#038;p=669"},"modified":"2023-11-27T18:07:43","modified_gmt":"2023-11-27T17:07:43","slug":"boucles-clou-origami-papillon-rouge-etoile","status":"publish","type":"product","link":"https:\/\/cubic-design.fr\/index.php\/produit\/boucles-clou-origami-papillon-rouge-etoile\/","title":{"rendered":"Boucles clou origami Papillon rouge \u00e9toil\u00e9"},"content":{"rendered":"<p>Boucle origami en forme de papillon r\u00e9alis\u00e9 dans du papier artisanal et mont\u00e9 sur un clou en argent 925 pour \u00e9viter tout risque allergique.<\/p>\n","protected":false},"excerpt":{"rendered":"<p>Boucle origami en forme de papillon r\u00e9alis\u00e9 dans du papier artisanal et mont\u00e9 sur un clou en argent 925 pour \u00e9viter tout risque allergique.<\/p>\n","protected":false},"featured_media":670,"template":"","meta":{"jetpack_publicize_message":"","jetpack_is_tweetstorm":false,"jetpack_publicize_feature_enabled":true,"jetpack_social_post_already_shared":true,"jetpack_social_options":{"image_generator_settings":{"template":"highway","enabled":false}}},"class_list":{"0":"post-669","1":"product","2":"type-product","3":"status-publish","4":"has-post-thumbnail","6":"product_cat-boucles-doreilles-mini","7":"product_tag-bijoux","8":"product_tag-boucles","9":"product_tag-oreilles","10":"product_tag-origami","11":"product_tag-papillon","13":"first","14":"instock","15":"taxable","16":"shipping-taxable","17":"purchasable","18":"product-type-simple"},"jetpack_publicize_connections":[],"jetpack_sharing_enabled":true,"_links":{"self":[{"href":"https:\/\/cubic-design.fr\/index.php\/wp-json\/wp\/v2\/product\/669","targetHints":{"allow":["GET"]}}],"collection":[{"href":"https:\/\/cubic-design.fr\/index.php\/wp-json\/wp\/v2\/product"}],"about":[{"href":"https:\/\/cubic-design.fr\/index.php\/wp-json\/wp\/v2\/types\/product"}],"version-history":[{"count":1,"href":"https:\/\/cubic-design.fr\/index.php\/wp-json\/wp\/v2\/product\/669\/revisions"}],"predecessor-version":[{"id":671,"href":"https:\/\/cubic-design.fr\/index.php\/wp-json\/wp\/v2\/product\/669\/revisions\/671"}],"wp:featuredmedia":[{"embeddable":true,"href":"https:\/\/cubic-design.fr\/index.php\/wp-json\/wp\/v2\/media\/670"}],"wp:attachment":[{"href":"https:\/\/cubic-design.fr\/index.php\/wp-json\/wp\/v2\/media?parent=669"}],"curies":[{"name":"wp","href":"https:\/\/api.w.org\/{rel}","templated":true}]}}